{"id":499,"date":"2015-03-12T21:59:14","date_gmt":"2015-03-12T20:59:14","guid":{"rendered":"http:\/\/www.ninkenkai.ch\/?page_id=499"},"modified":"2025-03-28T12:47:21","modified_gmt":"2025-03-28T11:47:21","slug":"lassociation","status":"publish","type":"page","link":"https:\/\/www.ninkenkai.ch\/?page_id=499","title":{"rendered":"L&rsquo;association"},"content":{"rendered":"<p>Le 12 janvier 2015 a \u00e9t\u00e9 cr\u00e9\u00e9e \u00e0 Lausanne l&rsquo;ASSOCIATION NINKENKA\u00cf LAUSANNE.<\/p>\n<p>Selon l&rsquo;article 2 de ses Statuts, l\u2019Association a pour buts de\u00a0:<\/p>\n<ul>\n<li>favoriser la pratique du sabre japonais, par la forme traditionnelle d&rsquo;enseignement du budo classique\u00a0;<\/li>\n<li>promouvoir l&rsquo;\u00e9tude du ia\u00efd\u00f4 de l&rsquo;\u00e9cole Muso Shinden Ryu sous la forme prescrite par la FEI, sans exclure d&rsquo;autres styles\u00a0;<\/li>\n<li>promouvoir l&rsquo;\u00e9tude du kenjutsu sous la forme prescrite par la FEI, en particulier les kumitachi de la FEI et l&rsquo;A\u00efkiken, sans exclure d&rsquo;autres styles.<\/li>\n<\/ul>\n<p>A cette fin :<\/p>\n<ul>\n<li>elle organise au moins un cours hebdomadaire\u00a0;<\/li>\n<li>elle organise chaque ann\u00e9e, si possible, au moins un stage d&rsquo;un week-end\u00a0;<\/li>\n<li>elle encourage la formation continue des responsables de sa direction technique.<\/li>\n<\/ul>\n<h2>Le comit\u00e9:<\/h2>\n<p>Pr\u00e9sident: M. Laurent Roniger (<a href=\"mailto:laurent.roniger@lausanne.ch\">contact e-mail<\/a>)<br \/>\nTr\u00e9sorier: M. Jean-Marc Spothelfer<br \/>\nMembre: M. Vincent Buntinx<br \/>\nMembre: M. Sylvain Bi\u00e9mont<br \/>\nMembre: M. Florian Javet<\/p>\n<h2>Equipe technique:<\/h2>\n<p>MM. Jean-Marc Spothelfer, Laurent Roniger,\u00a0Vincent Buntinx, Sylvain Bi\u00e9mont<\/p>\n","protected":false},"excerpt":{"rendered":"<p>Le 12 janvier 2015 a \u00e9t\u00e9 cr\u00e9\u00e9e \u00e0 Lausanne l&rsquo;ASSOCIATION NINKENKA\u00cf LAUSANNE. Selon l&rsquo;article 2 de ses Statuts, l\u2019Association a pour buts de\u00a0: favoriser la pratique du sabre japonais, par la forme traditionnelle d&rsquo;enseignement du budo classique\u00a0; promouvoir l&rsquo;\u00e9tude du ia\u00efd\u00f4 de l&rsquo;\u00e9cole Muso Shinden Ryu sous la forme prescrite par la FEI, sans exclure &hellip; <a href=\"https:\/\/www.ninkenkai.ch\/?page_id=499\" class=\"more-link\">Continuer la lecture de <span class=\"screen-reader-text\">L&rsquo;association<\/span>  <span class=\"meta-nav\">&rarr;<\/span><\/a><\/p>\n","protected":false},"author":1,"featured_media":0,"parent":2,"menu_order":0,"comment_status":"closed","ping_status":"open","template":"","meta":{"footnotes":""},"class_list":["post-499","page","type-page","status-publish","hentry"],"_links":{"self":[{"href":"https:\/\/www.ninkenkai.ch\/index.php?rest_route=\/wp\/v2\/pages\/499","targetHints":{"allow":["GET"]}}],"collection":[{"href":"https:\/\/www.ninkenkai.ch\/index.php?rest_route=\/wp\/v2\/pages"}],"about":[{"href":"https:\/\/www.ninkenkai.ch\/index.php?rest_route=\/wp\/v2\/types\/page"}],"author":[{"embeddable":true,"href":"https:\/\/www.ninkenkai.ch\/index.php?rest_route=\/wp\/v2\/users\/1"}],"replies":[{"embeddable":true,"href":"https:\/\/www.ninkenkai.ch\/index.php?rest_route=%2Fwp%2Fv2%2Fcomments&post=499"}],"version-history":[{"count":8,"href":"https:\/\/www.ninkenkai.ch\/index.php?rest_route=\/wp\/v2\/pages\/499\/revisions"}],"predecessor-version":[{"id":1385,"href":"https:\/\/www.ninkenkai.ch\/index.php?rest_route=\/wp\/v2\/pages\/499\/revisions\/1385"}],"up":[{"embeddable":true,"href":"https:\/\/www.ninkenkai.ch\/index.php?rest_route=\/wp\/v2\/pages\/2"}],"wp:attachment":[{"href":"https:\/\/www.ninkenkai.ch\/index.php?rest_route=%2Fwp%2Fv2%2Fmedia&parent=499"}],"curies":[{"name":"wp","href":"https:\/\/api.w.org\/{rel}","templated":true}]}}

<p>Le 12 janvier 2015 a été créée à Lausanne l&rsquo;ASSOCIATION NINKENKAÏ LAUSANNE.</p>
<p>Selon l&rsquo;article 2 de ses Statuts, l’Association a pour buts de :</p>
<ul>
<li>favoriser la pratique du sabre japonais, par la forme traditionnelle d&rsquo;enseignement du budo classique ;</li>
<li>promouvoir l&rsquo;étude du iaïdô de l&rsquo;école Muso Shinden Ryu sous la forme prescrite par la FEI, sans exclure d&rsquo;autres styles ;</li>
<li>promouvoir l&rsquo;étude du kenjutsu sous la forme prescrite par la FEI, en particulier les kumitachi de la FEI et l&rsquo;Aïkiken, sans exclure d&rsquo;autres styles.</li>
</ul>
<p>A cette fin :</p>
<ul>
<li>elle organise au moins un cours hebdomadaire ;</li>
<li>elle organise chaque année, si possible, au moins un stage d&rsquo;un week-end ;</li>
<li>elle encourage la formation continue des responsables de sa direction technique.</li>
</ul>
<h2>Le comité:</h2>
<p>Président: M. Laurent Roniger (<a href="mailto:laurent.roniger@lausanne.ch">contact e-mail</a>)<br />
Trésorier: M. Jean-Marc Spothelfer<br />
Membre: M. Vincent Buntinx<br />
Membre: M. Sylvain Biémont<br />
Membre: M. Florian Javet</p>
<h2>Equipe technique:</h2>
<p>MM. Jean-Marc Spothelfer, Laurent Roniger, Vincent Buntinx, Sylvain Biémont</p>

<p>Le 12 janvier 2015 a été créée à Lausanne l&rsquo;ASSOCIATION NINKENKAÏ LAUSANNE. Selon l&rsquo;article 2 de ses Statuts, l’Association a pour buts de : favoriser la pratique du sabre japonais, par la forme traditionnelle d&rsquo;enseignement du budo classique ; promouvoir l&rsquo;étude du iaïdô de l&rsquo;école Muso Shinden Ryu sous la forme prescrite par la FEI, sans exclure &hellip; <a href="https://www.ninkenkai.ch/?page_id=499" class="more-link">Continuer la lecture de <span class="screen-reader-text">L&rsquo;association</span>  <span class="meta-nav">&rarr;</span></a></p>
