{"id":457,"date":"2014-10-06T16:51:47","date_gmt":"2014-10-06T15:51:47","guid":{"rendered":"http:\/\/www.ninkenkai.ch\/?page_id=457"},"modified":"2026-01-16T20:04:49","modified_gmt":"2026-01-16T19:04:49","slug":"les-assistants","status":"publish","type":"page","link":"https:\/\/www.ninkenkai.ch\/?page_id=457","title":{"rendered":"Les assistants"},"content":{"rendered":"<p><a href=\"https:\/\/www.ninkenkai.ch\/wp-content\/uploads\/2019\/05\/Assistants_090.jpg\"><img loading=\"lazy\" decoding=\"async\" class=\"alignright size-medium wp-image-839\" src=\"https:\/\/www.ninkenkai.ch\/wp-content\/uploads\/2019\/05\/Assistants_090-225x300.jpg\" alt=\"Assistants_090\" width=\"225\" height=\"300\" srcset=\"https:\/\/www.ninkenkai.ch\/wp-content\/uploads\/2019\/05\/Assistants_090-225x300.jpg 225w, https:\/\/www.ninkenkai.ch\/wp-content\/uploads\/2019\/05\/Assistants_090.jpg 750w\" sizes=\"auto, (max-width: 225px) 100vw, 225px\" \/><\/a><strong>L&rsquo;\u00e9quipe technique du Ninkenka\u00ef est constitu\u00e9e de trois Shid\u00f4sha (instructeurs)\u00a0 d\u00e9sign\u00e9s par Jean-Marc Spothelfer pour l&rsquo;accompagner dans la conduite des entra\u00eenements, voire pour diriger le cours en l&rsquo;absence du directeur technique.<\/strong><\/p>\n<p>&nbsp;<\/p>\n<h2>Laurent RONIGER<\/h2>\n<p><a href=\"https:\/\/www.ninkenkai.ch\/wp-content\/uploads\/2014\/10\/Roniger.jpg\"><img loading=\"lazy\" decoding=\"async\" class=\"alignleft size-medium wp-image-450\" src=\"https:\/\/www.ninkenkai.ch\/wp-content\/uploads\/2014\/10\/Roniger-300x225.jpg\" alt=\"Roniger\" width=\"300\" height=\"225\" srcset=\"https:\/\/www.ninkenkai.ch\/wp-content\/uploads\/2014\/10\/Roniger-300x225.jpg 300w, https:\/\/www.ninkenkai.ch\/wp-content\/uploads\/2014\/10\/Roniger.jpg 500w\" sizes=\"auto, (max-width: 300px) 100vw, 300px\" \/><\/a>Laurent Roniger (n\u00e9 en 1964), premier Shidosha, titulaire du grade 3e dan de la FEI, est l&rsquo;un des membres fondateurs du Ninkenka\u00ef en 2005.<\/p>\n<p>Outre la pratique du Kung Fu, son exp\u00e9rience dans le budo japonais a d\u00e9but\u00e9 par la pratique du Kendo.<\/p>\n<h2><a href=\"https:\/\/www.ninkenkai.ch\/wp-content\/uploads\/2020\/08\/Vincent.jpeg\"><img loading=\"lazy\" decoding=\"async\" class=\"alignright wp-image-986 size-medium\" src=\"https:\/\/www.ninkenkai.ch\/wp-content\/uploads\/2020\/08\/Vincent-225x300.jpeg\" alt=\"\" width=\"225\" height=\"300\" srcset=\"https:\/\/www.ninkenkai.ch\/wp-content\/uploads\/2020\/08\/Vincent-225x300.jpeg 225w, https:\/\/www.ninkenkai.ch\/wp-content\/uploads\/2020\/08\/Vincent.jpeg 675w\" sizes=\"auto, (max-width: 225px) 100vw, 225px\" \/><\/a>Vincent\u00a0BUNTINX<\/h2>\n<p>Vincent Buntinx (n\u00e9 en 1983), porteur du grade de 3e dan FEI, est second Shidosha. C&rsquo;est en 2010 qu&rsquo;il d\u00e9bute la pratique du Ia\u00efd\u00f4 et du Kenjutsu.<\/p>\n<p>Il est par ailleurs enseignant de Karat\u00e9 Shotokan \u00e0 Lausanne et \u00e0 Moudon, au sein de l&rsquo;association qu&rsquo;il a cr\u00e9\u00e9e en 2023. Il a re\u00e7u, en d\u00e9cembre 2015, le grade de 3e dan Karat\u00e9 WJKA.<\/p>\n<p>&nbsp;<\/p>\n<h2><a href=\"https:\/\/www.ninkenkai.ch\/wp-content\/uploads\/2020\/09\/Sylvain-Bi\u00e9mont.jpeg\"><img loading=\"lazy\" decoding=\"async\" class=\"alignright size-medium wp-image-1004\" src=\"https:\/\/www.ninkenkai.ch\/wp-content\/uploads\/2020\/09\/Sylvain-Bi\u00e9mont-225x300.jpeg\" alt=\"\" width=\"225\" height=\"300\" srcset=\"https:\/\/www.ninkenkai.ch\/wp-content\/uploads\/2020\/09\/Sylvain-Bi\u00e9mont-225x300.jpeg 225w, https:\/\/www.ninkenkai.ch\/wp-content\/uploads\/2020\/09\/Sylvain-Bi\u00e9mont.jpeg 750w\" sizes=\"auto, (max-width: 225px) 100vw, 225px\" \/><\/a>Sylvain BI\u00c9MONT<\/h2>\n<p>L&rsquo;\u00e9quipe technique est compl\u00e9t\u00e9e, par Sylvain Bi\u00e9mont (n\u00e9 en 1978), porteur du grade de 3e dan FEI et \u00e9galement pratiquant exp\u00e9riment\u00e9 de Karat\u00e9. Il a d\u00e9but\u00e9 en 1991 par le Karat\u00e9 Shotokan Oshima, puis a compl\u00e9t\u00e9 sa formation par le Karat\u00e9 Kyokushinka\u00ef, qu&rsquo;il a \u00e9tudi\u00e9 au Japon. Il se consacre intens\u00e9ment \u00e0 la pratique du Ia\u00efd\u00f4 depuis 2015.<a href=\"https:\/\/www.ninkenkai.ch\/wp-content\/uploads\/2019\/05\/Assistants_030.jpg\"><img loading=\"lazy\" decoding=\"async\" class=\"alignleft wp-image-837 size-medium\" src=\"https:\/\/www.ninkenkai.ch\/wp-content\/uploads\/2019\/05\/Assistants_030-300x225.jpg\" alt=\"Assistants_030\" width=\"300\" height=\"225\" srcset=\"https:\/\/www.ninkenkai.ch\/wp-content\/uploads\/2019\/05\/Assistants_030-300x225.jpg 300w, https:\/\/www.ninkenkai.ch\/wp-content\/uploads\/2019\/05\/Assistants_030.jpg 1000w\" sizes=\"auto, (max-width: 300px) 100vw, 300px\" \/><\/a><a href=\"https:\/\/www.ninkenkai.ch\/wp-content\/uploads\/2023\/09\/WEB-Belmont-2023_017.jpg\"><img loading=\"lazy\" decoding=\"async\" class=\"alignright wp-image-1252 size-medium\" src=\"https:\/\/www.ninkenkai.ch\/wp-content\/uploads\/2023\/09\/WEB-Belmont-2023_017-300x201.jpg\" alt=\"\" width=\"300\" height=\"201\" srcset=\"https:\/\/www.ninkenkai.ch\/wp-content\/uploads\/2023\/09\/WEB-Belmont-2023_017-300x201.jpg 300w, https:\/\/www.ninkenkai.ch\/wp-content\/uploads\/2023\/09\/WEB-Belmont-2023_017-1024x687.jpg 1024w, https:\/\/www.ninkenkai.ch\/wp-content\/uploads\/2023\/09\/WEB-Belmont-2023_017-768x515.jpg 768w, https:\/\/www.ninkenkai.ch\/wp-content\/uploads\/2023\/09\/WEB-Belmont-2023_017-302x202.jpg 302w, https:\/\/www.ninkenkai.ch\/wp-content\/uploads\/2023\/09\/WEB-Belmont-2023_017-303x204.jpg 303w, https:\/\/www.ninkenkai.ch\/wp-content\/uploads\/2023\/09\/WEB-Belmont-2023_017.jpg 1280w\" sizes=\"auto, (max-width: 300px) 100vw, 300px\" \/><\/a><\/p>\n<p>&nbsp;<\/p>\n","protected":false},"excerpt":{"rendered":"<p>L&rsquo;\u00e9quipe technique du Ninkenka\u00ef est constitu\u00e9e de trois Shid\u00f4sha (instructeurs)\u00a0 d\u00e9sign\u00e9s par Jean-Marc Spothelfer pour l&rsquo;accompagner dans la conduite des entra\u00eenements, voire pour diriger le cours en l&rsquo;absence du directeur technique. &nbsp; Laurent RONIGER Laurent Roniger (n\u00e9 en 1964), premier Shidosha, titulaire du grade 3e dan de la FEI, est l&rsquo;un des membres fondateurs du &hellip; <a href=\"https:\/\/www.ninkenkai.ch\/?page_id=457\" class=\"more-link\">Continuer la lecture de <span class=\"screen-reader-text\">Les assistants<\/span>  <span class=\"meta-nav\">&rarr;<\/span><\/a><\/p>\n","protected":false},"author":1,"featured_media":0,"parent":455,"menu_order":2,"comment_status":"closed","ping_status":"open","template":"","meta":{"footnotes":""},"class_list":["post-457","page","type-page","status-publish","hentry"],"_links":{"self":[{"href":"https:\/\/www.ninkenkai.ch\/index.php?rest_route=\/wp\/v2\/pages\/457","targetHints":{"allow":["GET"]}}],"collection":[{"href":"https:\/\/www.ninkenkai.ch\/index.php?rest_route=\/wp\/v2\/pages"}],"about":[{"href":"https:\/\/www.ninkenkai.ch\/index.php?rest_route=\/wp\/v2\/types\/page"}],"author":[{"embeddable":true,"href":"https:\/\/www.ninkenkai.ch\/index.php?rest_route=\/wp\/v2\/users\/1"}],"replies":[{"embeddable":true,"href":"https:\/\/www.ninkenkai.ch\/index.php?rest_route=%2Fwp%2Fv2%2Fcomments&post=457"}],"version-history":[{"count":29,"href":"https:\/\/www.ninkenkai.ch\/index.php?rest_route=\/wp\/v2\/pages\/457\/revisions"}],"predecessor-version":[{"id":1514,"href":"https:\/\/www.ninkenkai.ch\/index.php?rest_route=\/wp\/v2\/pages\/457\/revisions\/1514"}],"up":[{"embeddable":true,"href":"https:\/\/www.ninkenkai.ch\/index.php?rest_route=\/wp\/v2\/pages\/455"}],"wp:attachment":[{"href":"https:\/\/www.ninkenkai.ch\/index.php?rest_route=%2Fwp%2Fv2%2Fmedia&parent=457"}],"curies":[{"name":"wp","href":"https:\/\/api.w.org\/{rel}","templated":true}]}}

<p><a href="https://www.ninkenkai.ch/wp-content/uploads/2019/05/Assistants_090.jpg"><img loading="lazy" decoding="async" class="alignright size-medium wp-image-839" src="https://www.ninkenkai.ch/wp-content/uploads/2019/05/Assistants_090-225x300.jpg" alt="Assistants_090" width="225" height="300" srcset="https://www.ninkenkai.ch/wp-content/uploads/2019/05/Assistants_090-225x300.jpg 225w, https://www.ninkenkai.ch/wp-content/uploads/2019/05/Assistants_090.jpg 750w" sizes="auto, (max-width: 225px) 100vw, 225px" /></a><strong>L&rsquo;équipe technique du Ninkenkaï est constituée de trois Shidôsha (instructeurs)  désignés par Jean-Marc Spothelfer pour l&rsquo;accompagner dans la conduite des entraînements, voire pour diriger le cours en l&rsquo;absence du directeur technique.</strong></p>
<p>&nbsp;</p>
<h2>Laurent RONIGER</h2>
<p><a href="https://www.ninkenkai.ch/wp-content/uploads/2014/10/Roniger.jpg"><img loading="lazy" decoding="async" class="alignleft size-medium wp-image-450" src="https://www.ninkenkai.ch/wp-content/uploads/2014/10/Roniger-300x225.jpg" alt="Roniger" width="300" height="225" srcset="https://www.ninkenkai.ch/wp-content/uploads/2014/10/Roniger-300x225.jpg 300w, https://www.ninkenkai.ch/wp-content/uploads/2014/10/Roniger.jpg 500w" sizes="auto, (max-width: 300px) 100vw, 300px" /></a>Laurent Roniger (né en 1964), premier Shidosha, titulaire du grade 3e dan de la FEI, est l&rsquo;un des membres fondateurs du Ninkenkaï en 2005.</p>
<p>Outre la pratique du Kung Fu, son expérience dans le budo japonais a débuté par la pratique du Kendo.</p>
<h2><a href="https://www.ninkenkai.ch/wp-content/uploads/2020/08/Vincent.jpeg"><img loading="lazy" decoding="async" class="alignright wp-image-986 size-medium" src="https://www.ninkenkai.ch/wp-content/uploads/2020/08/Vincent-225x300.jpeg" alt="" width="225" height="300" srcset="https://www.ninkenkai.ch/wp-content/uploads/2020/08/Vincent-225x300.jpeg 225w, https://www.ninkenkai.ch/wp-content/uploads/2020/08/Vincent.jpeg 675w" sizes="auto, (max-width: 225px) 100vw, 225px" /></a>Vincent BUNTINX</h2>
<p>Vincent Buntinx (né en 1983), porteur du grade de 3e dan FEI, est second Shidosha. C&rsquo;est en 2010 qu&rsquo;il débute la pratique du Iaïdô et du Kenjutsu.</p>
<p>Il est par ailleurs enseignant de Karaté Shotokan à Lausanne et à Moudon, au sein de l&rsquo;association qu&rsquo;il a créée en 2023. Il a reçu, en décembre 2015, le grade de 3e dan Karaté WJKA.</p>
<p>&nbsp;</p>
<h2><a href="https://www.ninkenkai.ch/wp-content/uploads/2020/09/Sylvain-Biémont.jpeg"><img loading="lazy" decoding="async" class="alignright size-medium wp-image-1004" src="https://www.ninkenkai.ch/wp-content/uploads/2020/09/Sylvain-Biémont-225x300.jpeg" alt="" width="225" height="300" srcset="https://www.ninkenkai.ch/wp-content/uploads/2020/09/Sylvain-Biémont-225x300.jpeg 225w, https://www.ninkenkai.ch/wp-content/uploads/2020/09/Sylvain-Biémont.jpeg 750w" sizes="auto, (max-width: 225px) 100vw, 225px" /></a>Sylvain BIÉMONT</h2>
<p>L&rsquo;équipe technique est complétée, par Sylvain Biémont (né en 1978), porteur du grade de 3e dan FEI et également pratiquant expérimenté de Karaté. Il a débuté en 1991 par le Karaté Shotokan Oshima, puis a complété sa formation par le Karaté Kyokushinkaï, qu&rsquo;il a étudié au Japon. Il se consacre intensément à la pratique du Iaïdô depuis 2015.<a href="https://www.ninkenkai.ch/wp-content/uploads/2019/05/Assistants_030.jpg"><img loading="lazy" decoding="async" class="alignleft wp-image-837 size-medium" src="https://www.ninkenkai.ch/wp-content/uploads/2019/05/Assistants_030-300x225.jpg" alt="Assistants_030" width="300" height="225" srcset="https://www.ninkenkai.ch/wp-content/uploads/2019/05/Assistants_030-300x225.jpg 300w, https://www.ninkenkai.ch/wp-content/uploads/2019/05/Assistants_030.jpg 1000w" sizes="auto, (max-width: 300px) 100vw, 300px" /></a><a href="https://www.ninkenkai.ch/wp-content/uploads/2023/09/WEB-Belmont-2023_017.jpg"><img loading="lazy" decoding="async" class="alignright wp-image-1252 size-medium" src="https://www.ninkenkai.ch/wp-content/uploads/2023/09/WEB-Belmont-2023_017-300x201.jpg" alt="" width="300" height="201" srcset="https://www.ninkenkai.ch/wp-content/uploads/2023/09/WEB-Belmont-2023_017-300x201.jpg 300w, https://www.ninkenkai.ch/wp-content/uploads/2023/09/WEB-Belmont-2023_017-1024x687.jpg 1024w, https://www.ninkenkai.ch/wp-content/uploads/2023/09/WEB-Belmont-2023_017-768x515.jpg 768w, https://www.ninkenkai.ch/wp-content/uploads/2023/09/WEB-Belmont-2023_017-302x202.jpg 302w, https://www.ninkenkai.ch/wp-content/uploads/2023/09/WEB-Belmont-2023_017-303x204.jpg 303w, https://www.ninkenkai.ch/wp-content/uploads/2023/09/WEB-Belmont-2023_017.jpg 1280w" sizes="auto, (max-width: 300px) 100vw, 300px" /></a></p>
<p>&nbsp;</p>

<p>L&rsquo;équipe technique du Ninkenkaï est constituée de trois Shidôsha (instructeurs)  désignés par Jean-Marc Spothelfer pour l&rsquo;accompagner dans la conduite des entraînements, voire pour diriger le cours en l&rsquo;absence du directeur technique. &nbsp; Laurent RONIGER Laurent Roniger (né en 1964), premier Shidosha, titulaire du grade 3e dan de la FEI, est l&rsquo;un des membres fondateurs du &hellip; <a href="https://www.ninkenkai.ch/?page_id=457" class="more-link">Continuer la lecture de <span class="screen-reader-text">Les assistants</span>  <span class="meta-nav">&rarr;</span></a></p>
