{"id":264,"date":"2014-08-03T21:19:57","date_gmt":"2014-08-03T20:19:57","guid":{"rendered":"http:\/\/www.ninkenkai.ch\/?page_id=264"},"modified":"2024-04-12T10:45:21","modified_gmt":"2024-04-12T09:45:21","slug":"technique","status":"publish","type":"page","link":"https:\/\/www.ninkenkai.ch\/?page_id=264","title":{"rendered":"Technique"},"content":{"rendered":"<h1>IA\u00cfD\u00d4<\/h1>\n<p><a href=\"https:\/\/www.ninkenkai.ch\/wp-content\/uploads\/2017\/03\/Belmont_0750.jpg\" target=\"_blank\" rel=\"noopener noreferrer\"><img loading=\"lazy\" decoding=\"async\" class=\"alignright wp-image-681 size-medium\" src=\"https:\/\/www.ninkenkai.ch\/wp-content\/uploads\/2017\/03\/Belmont_0750-300x201.jpg\" alt=\"Belmont_0750\" width=\"300\" height=\"201\" srcset=\"https:\/\/www.ninkenkai.ch\/wp-content\/uploads\/2017\/03\/Belmont_0750-300x201.jpg 300w, https:\/\/www.ninkenkai.ch\/wp-content\/uploads\/2017\/03\/Belmont_0750.jpg 1000w\" sizes=\"auto, (max-width: 300px) 100vw, 300px\" \/><\/a>Chaque entra\u00eenement commence par les d\u00e9gainements de base, avec coupe \u00e0 une main ou \u00e0 deux mains. Puis le travail se poursuit par l&rsquo;apprentissage des 43 katas de\u00a0l&rsquo;\u00e9cole MUSO SHINDEN RYU, r\u00e9partis en trois\u00a0niveaux. L&rsquo;apprentissage passe ainsi par trois \u00e9tapes:<\/p>\n<ul>\n<li>Simplicit\u00e9 (<em>Kans\u00f4<\/em>)<\/li>\n<li>El\u00e9gance (<em>Y\u00fbga<\/em>)<\/li>\n<li>Puissance (<em>Shinryoku<\/em>)<\/li>\n<\/ul>\n<p>Le Ninkenka\u00ef pratique \u00e9galement l&rsquo;\u00e9cole\u00a0TOYAMA, dont la simplicit\u00e9 constitue une excellente pr\u00e9paration au TAMESHIGIRI.<\/p>\n<h1>KENJUTSU<\/h1>\n<p><a href=\"https:\/\/www.ninkenkai.ch\/wp-content\/uploads\/2019\/05\/Assistants_030.jpg\" target=\"_blank\" rel=\"noopener noreferrer\"><img loading=\"lazy\" decoding=\"async\" class=\"alignright wp-image-837 size-medium\" src=\"https:\/\/www.ninkenkai.ch\/wp-content\/uploads\/2019\/05\/Assistants_030-300x225.jpg\" alt=\"\" width=\"300\" height=\"225\" srcset=\"https:\/\/www.ninkenkai.ch\/wp-content\/uploads\/2019\/05\/Assistants_030-300x225.jpg 300w, https:\/\/www.ninkenkai.ch\/wp-content\/uploads\/2019\/05\/Assistants_030.jpg 1000w\" sizes=\"auto, (max-width: 300px) 100vw, 300px\" \/><\/a>Le travail d\u00e9bute par la r\u00e9p\u00e9tition des mouvements de base (kihon), des coupes \u00e9l\u00e9mentaires et des techniques fondamentales. Il se compl\u00e8te par la pratique des kumitachis d\u00e9velopp\u00e9s par la FEI, ainsi que par ceux de l&rsquo;A\u00cfKIKEN. Le Ninkenka\u00ef pratique \u00e9galement les kumitachis de TENSHISHO JIGEN RYU KENJUTSU, ainsi que ceux de SHINTO RYU KENJUTSU.<\/p>\n<h1>TAMESHIGIRI<\/h1>\n<figure id=\"attachment_29\" aria-describedby=\"caption-attachment-29\" style=\"width: 285px\" class=\"wp-caption alignright\"><img loading=\"lazy\" decoding=\"async\" class=\"wp-image-29 size-full\" src=\"https:\/\/www.ninkenkai.ch\/wp-content\/uploads\/2014\/08\/Spothelfer_tameshi.jpg\" alt=\"\" width=\"285\" height=\"216\" \/><figcaption id=\"caption-attachment-29\" class=\"wp-caption-text\">Tameshigiri<\/figcaption><\/figure>\n<p>L&rsquo;exercice de la coupe sur cible (nattes de paille)\u00a0est un utile compl\u00e9ment \u00e0 l&rsquo;apprentissage du sabre japonais. Le Ninkenka\u00ef le pratique une fois par an, lors de son stage d&rsquo;\u00e9t\u00e9. Ce travail est r\u00e9serv\u00e9 aux \u00e9l\u00e8ves qui attestent d&rsquo;au moins deux ans de pratique.<\/p>\n","protected":false},"excerpt":{"rendered":"<p>IA\u00cfD\u00d4 Chaque entra\u00eenement commence par les d\u00e9gainements de base, avec coupe \u00e0 une main ou \u00e0 deux mains. Puis le travail se poursuit par l&rsquo;apprentissage des 43 katas de\u00a0l&rsquo;\u00e9cole MUSO SHINDEN RYU, r\u00e9partis en trois\u00a0niveaux. L&rsquo;apprentissage passe ainsi par trois \u00e9tapes: Simplicit\u00e9 (Kans\u00f4) El\u00e9gance (Y\u00fbga) Puissance (Shinryoku) Le Ninkenka\u00ef pratique \u00e9galement l&rsquo;\u00e9cole\u00a0TOYAMA, dont la simplicit\u00e9 &hellip; <a href=\"https:\/\/www.ninkenkai.ch\/?page_id=264\" class=\"more-link\">Continuer la lecture de <span class=\"screen-reader-text\">Technique<\/span>  <span class=\"meta-nav\">&rarr;<\/span><\/a><\/p>\n","protected":false},"author":1,"featured_media":0,"parent":2,"menu_order":0,"comment_status":"closed","ping_status":"open","template":"","meta":{"footnotes":""},"class_list":["post-264","page","type-page","status-publish","hentry"],"_links":{"self":[{"href":"https:\/\/www.ninkenkai.ch\/index.php?rest_route=\/wp\/v2\/pages\/264","targetHints":{"allow":["GET"]}}],"collection":[{"href":"https:\/\/www.ninkenkai.ch\/index.php?rest_route=\/wp\/v2\/pages"}],"about":[{"href":"https:\/\/www.ninkenkai.ch\/index.php?rest_route=\/wp\/v2\/types\/page"}],"author":[{"embeddable":true,"href":"https:\/\/www.ninkenkai.ch\/index.php?rest_route=\/wp\/v2\/users\/1"}],"replies":[{"embeddable":true,"href":"https:\/\/www.ninkenkai.ch\/index.php?rest_route=%2Fwp%2Fv2%2Fcomments&post=264"}],"version-history":[{"count":14,"href":"https:\/\/www.ninkenkai.ch\/index.php?rest_route=\/wp\/v2\/pages\/264\/revisions"}],"predecessor-version":[{"id":1299,"href":"https:\/\/www.ninkenkai.ch\/index.php?rest_route=\/wp\/v2\/pages\/264\/revisions\/1299"}],"up":[{"embeddable":true,"href":"https:\/\/www.ninkenkai.ch\/index.php?rest_route=\/wp\/v2\/pages\/2"}],"wp:attachment":[{"href":"https:\/\/www.ninkenkai.ch\/index.php?rest_route=%2Fwp%2Fv2%2Fmedia&parent=264"}],"curies":[{"name":"wp","href":"https:\/\/api.w.org\/{rel}","templated":true}]}}