{"id":2,"date":"2014-08-02T15:08:27","date_gmt":"2014-08-02T14:08:27","guid":{"rendered":"http:\/\/www.ninkenkai.ch\/?page_id=2"},"modified":"2026-04-03T14:57:39","modified_gmt":"2026-04-03T13:57:39","slug":"bienvenue","status":"publish","type":"page","link":"https:\/\/www.ninkenkai.ch\/","title":{"rendered":"Bienvenue"},"content":{"rendered":"<ul>\n<li><strong>IA\u00cfD\u00d4<\/strong> est l&rsquo; art de couper en d\u00e9gainant le sabre;\u00a0 recherche de l&rsquo;unit\u00e9 du mouvement, et ainsi de l&rsquo;harmonie de soi-m\u00eame.<\/li>\n<li><strong>KENJUTSU<\/strong> est l&rsquo;art de l&rsquo;escrime au sabre japonais; recherche de l&rsquo;unit\u00e9 avec l&rsquo;adversaire, et ainsi de l&rsquo;harmonie universelle. <a title=\"Aller sur le site de la FEI\" href=\"http:\/\/www.fei-iai.ch\" target=\"_blank\" rel=\"noopener noreferrer\"><img loading=\"lazy\" decoding=\"async\" class=\"alignright wp-image-15 size-full\" src=\"https:\/\/www.ninkenkai.ch\/wp-content\/uploads\/2014\/08\/fei.gif\" alt=\"fei\" width=\"76\" height=\"58\" \/><\/a><\/li>\n<\/ul>\n<p>Association affili\u00e9e \u00e0 la F\u00e9d\u00e9ration europ\u00e9enne de Ia\u00ef (FEI)<\/p>\n<p><a href=\"https:\/\/www.youtube.com\/watch?v=k1HGI5WzFvY\" target=\"_blank\" rel=\"noopener noreferrer\"><img loading=\"lazy\" decoding=\"async\" class=\"alignleft wp-image-1125\" src=\"https:\/\/www.ninkenkai.ch\/wp-content\/uploads\/2022\/01\/Entretien-CODAM-Spot_2-300x169.jpg\" alt=\"\" width=\"200\" height=\"113\" \/><\/a><strong>Interview de Jean-Marc Spothelfer dans le cadre des Entretiens du CODAM<\/strong><\/p>\n","protected":false},"excerpt":{"rendered":"<p>IA\u00cfD\u00d4 est l&rsquo; art de couper en d\u00e9gainant le sabre;\u00a0 recherche de l&rsquo;unit\u00e9 du mouvement, et ainsi de l&rsquo;harmonie de soi-m\u00eame. KENJUTSU est l&rsquo;art de l&rsquo;escrime au sabre japonais; recherche de l&rsquo;unit\u00e9 avec l&rsquo;adversaire, et ainsi de l&rsquo;harmonie universelle. Association affili\u00e9e \u00e0 la F\u00e9d\u00e9ration europ\u00e9enne de Ia\u00ef (FEI) Interview de Jean-Marc Spothelfer dans le cadre &hellip; <a href=\"https:\/\/www.ninkenkai.ch\/\" class=\"more-link\">Continuer la lecture de <span class=\"screen-reader-text\">Bienvenue<\/span>  <span class=\"meta-nav\">&rarr;<\/span><\/a><\/p>\n","protected":false},"author":1,"featured_media":410,"parent":0,"menu_order":1,"comment_status":"closed","ping_status":"closed","template":"","meta":{"footnotes":""},"class_list":["post-2","page","type-page","status-publish","has-post-thumbnail","hentry"],"_links":{"self":[{"href":"https:\/\/www.ninkenkai.ch\/index.php?rest_route=\/wp\/v2\/pages\/2","targetHints":{"allow":["GET"]}}],"collection":[{"href":"https:\/\/www.ninkenkai.ch\/index.php?rest_route=\/wp\/v2\/pages"}],"about":[{"href":"https:\/\/www.ninkenkai.ch\/index.php?rest_route=\/wp\/v2\/types\/page"}],"author":[{"embeddable":true,"href":"https:\/\/www.ninkenkai.ch\/index.php?rest_route=\/wp\/v2\/users\/1"}],"replies":[{"embeddable":true,"href":"https:\/\/www.ninkenkai.ch\/index.php?rest_route=%2Fwp%2Fv2%2Fcomments&post=2"}],"version-history":[{"count":37,"href":"https:\/\/www.ninkenkai.ch\/index.php?rest_route=\/wp\/v2\/pages\/2\/revisions"}],"predecessor-version":[{"id":1522,"href":"https:\/\/www.ninkenkai.ch\/index.php?rest_route=\/wp\/v2\/pages\/2\/revisions\/1522"}],"wp:featuredmedia":[{"embeddable":true,"href":"https:\/\/www.ninkenkai.ch\/index.php?rest_route=\/wp\/v2\/media\/410"}],"wp:attachment":[{"href":"https:\/\/www.ninkenkai.ch\/index.php?rest_route=%2Fwp%2Fv2%2Fmedia&parent=2"}],"curies":[{"name":"wp","href":"https:\/\/api.w.org\/{rel}","templated":true}]}}